{"id":238,"date":"2025-08-20T20:01:46","date_gmt":"2025-08-20T20:01:46","guid":{"rendered":"https:\/\/hepsinirda.com\/?post_type=product&#038;p=238"},"modified":"2025-08-21T18:20:48","modified_gmt":"2025-08-21T18:20:48","slug":"nisan-elbise-10","status":"publish","type":"product","link":"https:\/\/hepsinirda.com\/index.php\/urun\/nisan-elbise-10\/","title":{"rendered":"Ni\u015fan Elbise 10"},"content":{"rendered":"<p><img fetchpriority=\"high\" decoding=\"async\" class=\"alignnone size-medium wp-image-239\" src=\"https:\/\/hepsinirda.com\/wp-content\/uploads\/2025\/08\/IMG_4732-min-200x300.jpg\" alt=\"\" width=\"200\" height=\"300\" srcset=\"https:\/\/hepsinirda.com\/wp-content\/uploads\/2025\/08\/IMG_4732-min-200x300.jpg 200w, https:\/\/hepsinirda.com\/wp-content\/uploads\/2025\/08\/IMG_4732-min-683x1024.jpg 683w, https:\/\/hepsinirda.com\/wp-content\/uploads\/2025\/08\/IMG_4732-min-768x1152.jpg 768w, https:\/\/hepsinirda.com\/wp-content\/uploads\/2025\/08\/IMG_4732-min-1024x1536.jpg 1024w, https:\/\/hepsinirda.com\/wp-content\/uploads\/2025\/08\/IMG_4732-min-1365x2048.jpg 1365w, https:\/\/hepsinirda.com\/wp-content\/uploads\/2025\/08\/IMG_4732-min-600x900.jpg 600w, https:\/\/hepsinirda.com\/wp-content\/uploads\/2025\/08\/IMG_4732-min-scaled.jpg 1707w\" sizes=\"(max-width: 200px) 100vw, 200px\" \/><\/p>\n<p>\u00dcr\u00fcn Bilgi \u0130leti\u015fim :0530 362 64 29<\/p>\n<p>Kiral\u0131k Fiyat\u0131m\u0131z:3500 tl dir.<\/p>\n<p>Beden:36-38<\/p>\n<p>&nbsp;<\/p>\n","protected":false},"excerpt":{"rendered":"<p>\u00dcr\u00fcn Bilgi \u0130leti\u015fim :0530 362 64 29 Kiral\u0131k Fiyat\u0131m\u0131z:3500 tl dir. Beden:36-38 &nbsp;<\/p>\n","protected":false},"featured_media":239,"comment_status":"open","ping_status":"closed","template":"","meta":[],"product_brand":[],"product_cat":[16],"product_tag":[],"class_list":{"0":"post-238","1":"product","2":"type-product","3":"status-publish","4":"has-post-thumbnail","6":"product_cat-genel","8":"first","9":"instock","10":"taxable","11":"shipping-taxable","12":"purchasable","13":"product-type-simple"},"_links":{"self":[{"href":"https:\/\/hepsinirda.com\/index.php\/wp-json\/wp\/v2\/product\/238","targetHints":{"allow":["GET"]}}],"collection":[{"href":"https:\/\/hepsinirda.com\/index.php\/wp-json\/wp\/v2\/product"}],"about":[{"href":"https:\/\/hepsinirda.com\/index.php\/wp-json\/wp\/v2\/types\/product"}],"replies":[{"embeddable":true,"href":"https:\/\/hepsinirda.com\/index.php\/wp-json\/wp\/v2\/comments?post=238"}],"wp:featuredmedia":[{"embeddable":true,"href":"https:\/\/hepsinirda.com\/index.php\/wp-json\/wp\/v2\/media\/239"}],"wp:attachment":[{"href":"https:\/\/hepsinirda.com\/index.php\/wp-json\/wp\/v2\/media?parent=238"}],"wp:term":[{"taxonomy":"product_brand","embeddable":true,"href":"https:\/\/hepsinirda.com\/index.php\/wp-json\/wp\/v2\/product_brand?post=238"},{"taxonomy":"product_cat","embeddable":true,"href":"https:\/\/hepsinirda.com\/index.php\/wp-json\/wp\/v2\/product_cat?post=238"},{"taxonomy":"product_tag","embeddable":true,"href":"https:\/\/hepsinirda.com\/index.php\/wp-json\/wp\/v2\/product_tag?post=238"}],"curies":[{"name":"wp","href":"https:\/\/api.w.org\/{rel}","templated":true}]}}