{"id":234,"date":"2025-08-20T19:49:38","date_gmt":"2025-08-20T19:49:38","guid":{"rendered":"https:\/\/hepsinirda.com\/?post_type=product&#038;p=234"},"modified":"2025-08-21T18:08:15","modified_gmt":"2025-08-21T18:08:15","slug":"nisan-elbise-8","status":"publish","type":"product","link":"https:\/\/hepsinirda.com\/index.php\/urun\/nisan-elbise-8\/","title":{"rendered":"Ni\u015fan Elbise 8"},"content":{"rendered":"<p><img fetchpriority=\"high\" decoding=\"async\" class=\"alignnone size-medium wp-image-235\" src=\"https:\/\/hepsinirda.com\/wp-content\/uploads\/2025\/08\/98AFFE2C-7C1B-4562-932E-B0399D9147B9-169x300.jpg\" alt=\"\" width=\"169\" height=\"300\" srcset=\"https:\/\/hepsinirda.com\/wp-content\/uploads\/2025\/08\/98AFFE2C-7C1B-4562-932E-B0399D9147B9-169x300.jpg 169w, https:\/\/hepsinirda.com\/wp-content\/uploads\/2025\/08\/98AFFE2C-7C1B-4562-932E-B0399D9147B9-576x1024.jpg 576w, https:\/\/hepsinirda.com\/wp-content\/uploads\/2025\/08\/98AFFE2C-7C1B-4562-932E-B0399D9147B9-768x1365.jpg 768w, https:\/\/hepsinirda.com\/wp-content\/uploads\/2025\/08\/98AFFE2C-7C1B-4562-932E-B0399D9147B9-864x1536.jpg 864w, https:\/\/hepsinirda.com\/wp-content\/uploads\/2025\/08\/98AFFE2C-7C1B-4562-932E-B0399D9147B9-1152x2048.jpg 1152w, https:\/\/hepsinirda.com\/wp-content\/uploads\/2025\/08\/98AFFE2C-7C1B-4562-932E-B0399D9147B9-1024x1820.jpg 1024w, https:\/\/hepsinirda.com\/wp-content\/uploads\/2025\/08\/98AFFE2C-7C1B-4562-932E-B0399D9147B9-600x1067.jpg 600w, https:\/\/hepsinirda.com\/wp-content\/uploads\/2025\/08\/98AFFE2C-7C1B-4562-932E-B0399D9147B9.jpg 1170w\" sizes=\"(max-width: 169px) 100vw, 169px\" \/><\/p>\n<p>\u00dcr\u00fcn Bilgi \u0130leti\u015fim :0530 362 64 29<\/p>\n<p>Kiral\u0131k Fiyat\u0131m\u0131z:4500 tl dir.<\/p>\n<p>Beden:36-38<\/p>\n","protected":false},"excerpt":{"rendered":"<p>\u00dcr\u00fcn Bilgi \u0130leti\u015fim :0530 362 64 29 Kiral\u0131k Fiyat\u0131m\u0131z:4500 tl dir. Beden:36-38<\/p>\n","protected":false},"featured_media":235,"comment_status":"open","ping_status":"closed","template":"","meta":[],"product_brand":[],"product_cat":[16],"product_tag":[],"class_list":{"0":"post-234","1":"product","2":"type-product","3":"status-publish","4":"has-post-thumbnail","6":"product_cat-genel","8":"first","9":"instock","10":"taxable","11":"shipping-taxable","12":"purchasable","13":"product-type-simple"},"_links":{"self":[{"href":"https:\/\/hepsinirda.com\/index.php\/wp-json\/wp\/v2\/product\/234","targetHints":{"allow":["GET"]}}],"collection":[{"href":"https:\/\/hepsinirda.com\/index.php\/wp-json\/wp\/v2\/product"}],"about":[{"href":"https:\/\/hepsinirda.com\/index.php\/wp-json\/wp\/v2\/types\/product"}],"replies":[{"embeddable":true,"href":"https:\/\/hepsinirda.com\/index.php\/wp-json\/wp\/v2\/comments?post=234"}],"wp:featuredmedia":[{"embeddable":true,"href":"https:\/\/hepsinirda.com\/index.php\/wp-json\/wp\/v2\/media\/235"}],"wp:attachment":[{"href":"https:\/\/hepsinirda.com\/index.php\/wp-json\/wp\/v2\/media?parent=234"}],"wp:term":[{"taxonomy":"product_brand","embeddable":true,"href":"https:\/\/hepsinirda.com\/index.php\/wp-json\/wp\/v2\/product_brand?post=234"},{"taxonomy":"product_cat","embeddable":true,"href":"https:\/\/hepsinirda.com\/index.php\/wp-json\/wp\/v2\/product_cat?post=234"},{"taxonomy":"product_tag","embeddable":true,"href":"https:\/\/hepsinirda.com\/index.php\/wp-json\/wp\/v2\/product_tag?post=234"}],"curies":[{"name":"wp","href":"https:\/\/api.w.org\/{rel}","templated":true}]}}