{"id":38,"date":"2025-07-20T22:11:33","date_gmt":"2025-07-20T22:11:33","guid":{"rendered":"https:\/\/hepsinirda.com\/?page_id=38"},"modified":"2025-08-18T21:22:05","modified_gmt":"2025-08-18T21:22:05","slug":"hayat-sasirtir","status":"publish","type":"page","link":"https:\/\/hepsinirda.com\/index.php\/hayat-sasirtir\/","title":{"rendered":"Hakk\u0131m\u0131zda"},"content":{"rendered":"\n<h2 class=\"wp-block-heading\">Hakk\u0131m\u0131zda<\/h2>\n\n\n\n<p><strong>Heps\u0131n\u0131rda<\/strong> olarak, e-ticaret d\u00fcnyas\u0131nda siz de\u011ferli m\u00fc\u015fterilerimize en iyi al\u0131\u015fveri\u015f deneyimini sunmay\u0131 ama\u00e7l\u0131yoruz. Yenilik\u00e7i ve kullan\u0131c\u0131 dostu platformumuz ile ihtiya\u00e7 duydu\u011funuz \u00fcr\u00fcnleri kolayca bulman\u0131z\u0131 sa\u011fl\u0131yoruz.<\/p>\n\n\n\n<h3 class=\"wp-block-heading\">Vizyonumuz<\/h3>\n\n\n\n<p>M\u00fc\u015fteri memnuniyetini her zaman \u00f6n planda tutarak, geni\u015f \u00fcr\u00fcn yelpazemizle herkese hitap eden bir al\u0131\u015fveri\u015f deneyimi sunmak. Amac\u0131m\u0131z, al\u0131\u015fveri\u015fin keyfini \u00e7\u0131kar\u0131rken, kaliteli \u00fcr\u00fcnlere ula\u015fman\u0131z\u0131 sa\u011flamakt\u0131r.<\/p>\n\n\n\n<h3 class=\"wp-block-heading\">Misyonumuz<\/h3>\n\n\n\n<p>Heps\u0131n\u0131rda, en yeni ve en kaliteli \u00fcr\u00fcnleri uygun fiyatlarla sunarak, m\u00fc\u015fterilerimizin hayat\u0131n\u0131 kolayla\u015ft\u0131rmay\u0131 hedefliyor. S\u00fcrekli olarak g\u00fcncellenen \u00fcr\u00fcn yelpazemiz ile trendleri takip ediyor ve sizlere en iyi se\u00e7enekleri sunuyoruz.<\/p>\n\n\n\n<h3 class=\"wp-block-heading\">Neden Heps\u0131n\u0131rda?<\/h3>\n\n\n\n<ul class=\"wp-block-list\">\n<li><strong>Geni\u015f \u00dcr\u00fcn Se\u00e7ene\u011fi:<\/strong>\u00a0Elektronikten giyime, ev e\u015fyalar\u0131ndan ki\u015fisel bak\u0131m \u00fcr\u00fcnlerine kadar bir\u00e7ok kategoride \u00fcr\u00fcn bulabilirsiniz.<\/li>\n\n\n\n<li><strong>G\u00fcvenli Al\u0131\u015fveri\u015f:<\/strong>\u00a0M\u00fc\u015fteri bilgilerinizin g\u00fcvenli\u011fi bizim i\u00e7in en \u00f6nemli \u00f6nceliktir. Al\u0131\u015fveri\u015flerinizi g\u00fcvenli bir \u015fekilde yapabilirsiniz.<\/li>\n\n\n\n<li><strong>H\u0131zl\u0131 Teslimat:<\/strong>\u00a0Sipari\u015flerinizi en k\u0131sa s\u00fcrede kap\u0131n\u0131za teslim ediyoruz, b\u00f6ylece beklemek zorunda kalmazs\u0131n\u0131z.<\/li>\n\n\n\n<li><strong>M\u00fc\u015fteri Deste\u011fi:<\/strong>\u00a0Sorular\u0131n\u0131z ve ihtiya\u00e7lar\u0131n\u0131z i\u00e7in her zaman yan\u0131n\u0131zday\u0131z. M\u00fc\u015fteri destek ekibimiz, size yard\u0131mc\u0131 olmaktan mutluluk duyar.<\/li>\n<\/ul>\n\n\n\n<p>Heps\u0131n\u0131rda olarak, al\u0131\u015fveri\u015f deneyiminizi en \u00fcst d\u00fczeye \u00e7\u0131karmak i\u00e7in buraday\u0131z. Bizi tercih etti\u011finiz i\u00e7in te\u015fekk\u00fcr ederiz!<\/p>\n\n\n\n<p><\/p>\n","protected":false},"excerpt":{"rendered":"<p>Hakk\u0131m\u0131zda Heps\u0131n\u0131rda olarak, e-ticaret d\u00fcnyas\u0131nda siz de\u011ferli m\u00fc\u015fterilerimize en iyi al\u0131\u015fveri\u015f deneyimini sunmay\u0131 ama\u00e7l\u0131yoruz. Yenilik\u00e7i ve kullan\u0131c\u0131 dostu platformumuz ile ihtiya\u00e7 duydu\u011funuz \u00fcr\u00fcnleri kolayca bulman\u0131z\u0131 sa\u011fl\u0131yoruz. Vizyonumuz M\u00fc\u015fteri memnuniyetini her zaman \u00f6n planda tutarak, geni\u015f \u00fcr\u00fcn yelpazemizle herkese hitap eden bir al\u0131\u015fveri\u015f deneyimi sunmak. Amac\u0131m\u0131z, al\u0131\u015fveri\u015fin keyfini \u00e7\u0131kar\u0131rken, kaliteli \u00fcr\u00fcnlere ula\u015fman\u0131z\u0131 sa\u011flamakt\u0131r. Misyonumuz Heps\u0131n\u0131rda, en [&hellip;]<\/p>\n","protected":false},"author":1,"featured_media":0,"parent":0,"menu_order":0,"comment_status":"closed","ping_status":"closed","template":"","meta":{"footnotes":""},"class_list":["post-38","page","type-page","status-publish","hentry"],"_links":{"self":[{"href":"https:\/\/hepsinirda.com\/index.php\/wp-json\/wp\/v2\/pages\/38","targetHints":{"allow":["GET"]}}],"collection":[{"href":"https:\/\/hepsinirda.com\/index.php\/wp-json\/wp\/v2\/pages"}],"about":[{"href":"https:\/\/hepsinirda.com\/index.php\/wp-json\/wp\/v2\/types\/page"}],"author":[{"embeddable":true,"href":"https:\/\/hepsinirda.com\/index.php\/wp-json\/wp\/v2\/users\/1"}],"replies":[{"embeddable":true,"href":"https:\/\/hepsinirda.com\/index.php\/wp-json\/wp\/v2\/comments?post=38"}],"version-history":[{"count":2,"href":"https:\/\/hepsinirda.com\/index.php\/wp-json\/wp\/v2\/pages\/38\/revisions"}],"predecessor-version":[{"id":209,"href":"https:\/\/hepsinirda.com\/index.php\/wp-json\/wp\/v2\/pages\/38\/revisions\/209"}],"wp:attachment":[{"href":"https:\/\/hepsinirda.com\/index.php\/wp-json\/wp\/v2\/media?parent=38"}],"curies":[{"name":"wp","href":"https:\/\/api.w.org\/{rel}","templated":true}]}}